mber?
True
Is 645619 composite?
True
Is 192754 a prime number?
False
Is 1297 a prime number?
True
Is 19571 composite?
False
Is 1142059 composite?
False
Is 35273 prime?
False
Is 121547 prime?
True
Is 3985 a prime number?
False
Is 493151 a prime number?
False
Is 48826 a composite number?
True
Is 10007 a composite number?
False
Is 4309 a composite number?
True
Is 10405 composite?
True
Is 25835 a prime number?
False
Is 11959 a composite number?
False
Is 317606 composite?
True
Is 30827 a prime number?
False
Is 383251 a composite number?
True
Is 2073 a prime number?
False
Is 3389 a prime number?
True
Is 9967 composite?
False
Is 1167 a prime number?
False
Is 38833 a composite number?
False
Is 10181 prime?
True
Is 820723 prime?
True
Is 11854 prime?
False
Is 389507 prime?
True
Is 15335 composite?
True
Is 516991 a composite number?
False
Is 70157 a composite number?
False
Is 253627 prime?
False
Is 527441 a prime number?
True
Is 496499 a prime number?
True
Is 267395 a prime number?
False
Is 9977 prime?
False
Is 15493 a composite number?
False
Is 190379 a prime number?
False
Is 1708517 prime?
False
Is 223 a prime number?
True
Is 106349 composite?
False
Is 100379 prime?
True
Is 2179 a prime number?
True
Is 3041927 composite?
True
Is 681779 prime?
False
Is 167071 a composite number?
False
Is 48731 a prime number?
True
Is 487657 prime?
True
Is 135083 composite?
True
Is 224987 prime?
False
Is 151115 a prime number?
False
Is 1290811 a composite number?
False
Is 5557 a prime number?
True
Is 16639 a composite number?
True
Is 68977 composite?
True
Is 6779 a composite number?
False
Is 57755 prime?
False
Is 80839 a composite number?
True
Is 103109 composite?
True
Is 11537 composite?
True
Is 17059 a composite number?
True
Is 133795 a prime number?
False
Is 2903 composite?
False
Is 5147 prime?
True
Is 8563 prime?
True
Is 57451 a prime number?
False
Is 85 a composite number?
True
Is 32869 a prime number?
True
Is 10183 composite?
True
Is 213089 a prime number?
False
Is 3926417 prime?
False
Is 698489 composite?
True
Is 905011 a composite number?
False
Is 7207 a composite number?
False
Is 361763 a prime number?
True
Is 25501 composite?
True
Is 14939 prime?
True
Is 10859 a prime number?
True
Is 515383 a composite number?
True
Is 18341 a composite number?
False
Is 832435 prime?
False
Is 14963 a composite number?
True
Is 7453 a composite number?
True
Is 10427 prime?
True
Is 183503 a composite number?
False
Is 553 a composite number?
True
Is 219629 a composite number?
False
Is 431177 a prime number?
False
Is 44449 a composite number?
False
Is 1945 a prime number?
False
Is 15761 composite?
False
Is 1537 a prime number?
False
Is 933173 prime?
True
Is 73637 composite?
False
Is 402681 a prime number?
False
Is 104087 a prime number?
True
Is 156811 prime?
False
Is 126554 prime?
False
Is 71417 a prime number?
False
Is 1151 prime?
True
Is 2333 a composite number?
False
Is 6505 prime?
False
Is 997201 a composite number?
False
Is 134119 prime?
False
Is 513041 a composite number?
False
Is 95405 prime?
False
Is 967013 a composite number?
True
Is 31646 a prime number?
False
Is 6927 a composite number?
True
Is 10967 a prime number?
False
Is 109759 composite?
True
Is 139957 prime?
False
Is 357055 a prime number?
False
Is 39899 prime?
False
Is 44969 a prime number?
False
Is 38669 a composite number?
False
Is 332107 prime?
False
Is 317663 a composite number?
False
Is 13669 prime?
True
Is 78199 a composite number?
True
Is 28393 prime?
True
Is 82129 composite?
False
Is 6334205 a prime number?
False
Is 233021 a composite number?
False
Is 294523 composite?
False
Is 1858807 a prime number?
True
Is 834437 composite?
True
Is 35097 a composite number?
True
Is 1639 a prime number?
False
Is 3821 composite?
False
Is 21881 prime?
True
Is 26309 a composite number?
False
Is 175217 composite?
True
Is 3365959 prime?
True
Is 811967 a composite number?
True
Is 29759 prime?
True
Is 24731 a prime number?
False
Is 16689 a prime number?
False
Is 14143 composite?
False
Is 4349 prime?
True
Is 2833 prime?
True
Is 9533 a prime number?
True
Is 4699 prime?
False
Is 15527 a composite number?
False
Is 200063 a prime number?
True
Is 227649 prime?
False
Is 949931 prime?
True
Is 43729 composite?
True
Is 2037701 a prime number?
False
Is 11863 composite?
False
Is 67101 a composite number?
True
Is 190471 a prime number?
True
Is 15427 a prime number?
True
Is 611389 composite?
False
Is 11969 a prime number?
True
Is 860101 a composite number?
True
Is 799021 prime?
True
Is 30089 prime?
True
Is 49255 a composite number?
True
Is 45295 a prime number?
False
Is 613733 composite?
False
Is 63467 a composite number?
False
Is 1973 composite?
False
Is 456427 a prime number?
True
Is 7789 a prime number?
True
Is 77702 composite?
True
Is 5261 a composite number?
False
Is 176957 a composite number?
True
Is 253717 a composite number?
False
Is 6931 a composite number?
True
Is 9617 composite?
True
Is 13641 composite?
True
Is 216211 composite?
False
Is 1223 a prime number?
True
Is 56521 a composite number?
True
Is 380693 a composite number?
True
Is 6457 a prime number?
False
Is 409 prime?
True
Is 5045 prime?
False
Is 3623615 composite?
True
Is 1048519 a composite number?
True
Is 28895 composite?
True
Is 2316601 composite?
True
Is 1021011 composite?
True
Is 979 prime?
False
Is 128663 composite?
False
Is 2127553 prime?
True
Is 1597 prime?
True
Is 15809 a prime number?
True
Is 33107 prime?
True
Is 149795 a prime number?
False
Is 633427 prime?
True
Is 37447 a composite number?
False
Is 53731 a prime number?
True
Is 228901 composite?
False
Is 361837 prime?
False
Is 349471 a prime number?
True
Is 93853 prime?
False
Is 15349 composite?
False
Is 280741 a prime number?
False
Is 2809 composite?
True
Is 5261 a prime number?
True
Is 27179 composite?
False
Is 178759 composite?
True
Is 105643 a prime number?
False
Is 272589 prime?
False
Is 30829 a prime number?
True
Is 55157 a prime number?
False
Is 54941 a composite number?
False
Is 80849 composite?
False
Is 42683 prime?
True
Is 159961 composite?
True
Is 18299 a composite number?
True
Is 5919 a composite number?
True
Is 123811 prime?
False
Is 55861 composite?
True
Is 4691 prime?
True
Is 12631 prime?
False
Is 12203 prime?
True
Is 6113 a prime number?
True
Is 13891 composite?
True
Is 163501 a composite number?
True
Is 359681 a composite number?
True
Is 725071 prime?
True
Is 1423 prime?
True
Is 1983143 a composite number?
False
Is 144473 a prime number?
False
Is 18839 prime?
True
Is 26471 a prime number?
False
Is 6065 prime?
False
Is 2767 prime?
True
Is 13582 a composite number?
True
Is 19615 a prime number?
False
Is 27033 a prime number?
False
Is 843361 prime?
True
Is 66239 prime?
True
Is 5519 a prime number?
True
Is 7822 composite?
True
Is 274441 composite?
False
Is 55379 a composite number?
True
Is 368171 a prime number?
True
Is 20469 a composite number?
True
Is 785 composite?
True
Is 25561 composite?
False
Is 967 prime?
True
Is 22301 prime?
False
Is 347923 composite?
True
Is 19831 prime?
False
Is 24001 a composite number?
False
Is 28051 a composite number?
False
Is 183247 prime?
True
Is 3793 composite?
False
Is 57637 a prime number?
True
Is 644311 a prime number?
False
Is 942187 composite?
False
Is 1488881 a prime number?
False
Is 7237 prime?
True
Is 77153 a prime number?
True
Is 210709 composite?
False
Is 62071 a composite number?
False
Is 29717 prime?
True
Is 3636527 prime?
True
Is 47339 composite?
False
Is 68151 a prime number?
False
Is 97913 composite?
True
Is 1140347 composite?
True
Is 3991 a prime number?
False
Is 21377 a prime number?
True
Is 8513 a prime number?
True
Is 6733 a composite number?
False
Is 149071 a composite number?
True
Is 2321 composite?
True
Is 21737 prime?
True
Is 1919429 a prime number?
True
Is 282109 a prime number?
False
Is 26473 a prime number?
False
Is 577483 prime?
True
Is 5059 composite?
False
Is 1144893 composite?
True
Is 1053179 a prime number?
True
Is 304939 a prime number?
False
Is 6389 prime?
True
Is 13499 prime?
True
Is 35569 a prime number?
True
Is 1091113 a prime number?
False
Is 33917 composite?
True
Is 9965 composite?
True
Is 80623 a composite number?
True
Is 91909 prime?
True
Is 49883 composite?
True
Is 54037 composite?
False
Is 6449 prime?
True
Is 213623 a com